{"id":83,"date":"2019-09-20T19:12:18","date_gmt":"2019-09-20T19:12:18","guid":{"rendered":"https:\/\/www.stefanlotter.at\/?page_id=83"},"modified":"2019-12-14T16:37:02","modified_gmt":"2019-12-14T16:37:02","slug":"eigene-musik","status":"publish","type":"page","link":"https:\/\/www.stefanlotter.at\/index.php\/musik\/eigene-musik\/","title":{"rendered":"Eigene Musik"},"content":{"rendered":"<p>Seit meinem 10. Lebensjahr schreibe ich selbst Lieder. Die ersten b\u00fchnentechnischen Gehversuche noch im Bekannten- und Freundeskreis, habe ich bald in M\u00fcrzzuschlag zu allen m\u00f6glichen und unm\u00f6glichen Gelegenheiten gespielt. Nach mehreren Gruppierungen, in denen wir Cover-Nummern gespielt haben, hat sich im Jahr 2015 die Gruppe <em>Roustik <\/em>formiert, mit der ich im Jahr 2016 das erste Studioalbum aufgenommen habe. Am Beginn nur mit Cajon-Begleitung wurden die Aufnahmen nachtr\u00e4glich um eine zweite Gitarre und eine dritte Stimme erweitert.<br \/>\nDie Nummern des ersten Albums gibt&#8217;s <a class=\"_ps2id\" href=\"https:\/\/www.stefanlotter.at\/index.php\/musik\/eigene-musik\/#1\" data-ps2id-offset=\"\">hier<\/a> kostenlos online anzuh\u00f6ren. Au\u00dferdem findet man sie auf Spotify und anderen StreamingDiensten.<\/p>\n<p>Neben dieser unplugged Besetzung hatten wir auch einige Auftritte, in denen unser Drummer nicht am Cajon, sondern am kompletten Schlagzeug sa\u00df.<\/p>\n<p>Eine Nummer aus einem Live-Mitschnitt findet ihr <a href=\"https:\/\/www.stefanlotter.at\/index.php\/musik\/eigene-musik\/#2\">hier<\/a>.<\/p>\n<p>Derzeit ist ein zweites Album im Entstehen begriffen. Diesmal alleine und HomeRecord. Allerdings helfen mit diverse Digitale Drummer und Effekte aus &#8211; einige Nummern werden sehr bandlastig klingen \ud83d\ude42<\/p>\n<p style=\"text-align: left;\">Und eine erste Auskoppelung davon gibt&#8217;s hier:<\/p>\n<p><code>\t\t\t<div \n\t\t\tclass=\"yotu-playlist yotuwp yotu-limit-min yotu-limit-max   yotu-thumb-169  yotu-template-grid\" \n\t\t\tdata-page=\"1\"\n\t\t\tid=\"yotuwp-69f89bf3316d8\"\n\t\t\tdata-yotu=\"69f89bf3476a6\"\n\t\t\tdata-total=\"1\"\n\t\t\tdata-settings=\"eyJ0eXBlIjoidmlkZW9zIiwiaWQiOiJXOUxZXzh4NFNGdyIsInBhZ2luYXRpb24iOiJvbiIsInBhZ2l0eXBlIjoibG9hZG1vcmUiLCJjb2x1bW4iOiI0IiwicGVyX3BhZ2UiOiI0IiwidGVtcGxhdGUiOiJncmlkIiwidGl0bGUiOiJvbiIsImRlc2NyaXB0aW9uIjoib2ZmIiwidGh1bWJyYXRpbyI6IjE2OSIsIm1ldGEiOiJvZmYiLCJtZXRhX2RhdGEiOiJvZmYiLCJtZXRhX3Bvc2l0aW9uIjoib2ZmIiwiZGF0ZV9mb3JtYXQiOiJvZmYiLCJtZXRhX2FsaWduIjoib2ZmIiwic3Vic2NyaWJlIjoib2ZmIiwiZHVyYXRpb24iOiJvZmYiLCJtZXRhX2ljb24iOiJvZmYiLCJuZXh0dGV4dCI6IiIsInByZXZ0ZXh0IjoiIiwibG9hZG1vcmV0ZXh0IjoiIiwicGxheWVyIjp7Im1vZGUiOiJsYXJnZSIsIndpZHRoIjoiNDAwIiwic2Nyb2xsaW5nIjoiNTAiLCJhdXRvcGxheSI6MCwiY29udHJvbHMiOjEsIm1vZGVzdGJyYW5kaW5nIjoxLCJsb29wIjowLCJhdXRvbmV4dCI6MCwic2hvd2luZm8iOjEsInJlbCI6MSwicGxheWluZyI6MCwicGxheWluZ19kZXNjcmlwdGlvbiI6MCwidGh1bWJuYWlscyI6MCwiY2NfbG9hZF9wb2xpY3kiOiIxIiwiY2NfbGFuZ19wcmVmIjoiMSIsImhsIjoiIiwiaXZfbG9hZF9wb2xpY3kiOiIxIn0sImxhc3RfdGFiIjoicGxheWVyIiwidXNlX2FzX21vZGFsIjoib2ZmIiwibW9kYWxfaWQiOiJvZmYiLCJsYXN0X3VwZGF0ZSI6IjE1Njg1NjYwNDEiLCJzdHlsaW5nIjp7InBhZ2VyX2xheW91dCI6ImRlZmF1bHQiLCJidXR0b24iOiIzIiwiYnV0dG9uX2NvbG9yIjoiIiwiYnV0dG9uX2JnX2NvbG9yIjoiIiwiYnV0dG9uX2NvbG9yX2hvdmVyIjoiIiwiYnV0dG9uX2JnX2NvbG9yX2hvdmVyIjoiIiwidmlkZW9fc3R5bGUiOiJncGx1cyIsInBsYXlpY29uX2NvbG9yIjoiIiwiaG92ZXJfaWNvbiI6IiIsImdhbGxlcnlfYmciOiIifSwiZWZmZWN0cyI6eyJ2aWRlb19ib3giOiIiLCJmbGlwX2VmZmVjdCI6IiJ9LCJnYWxsZXJ5X2lkIjoiNjlmODliZjMzMTZkOCJ9\"\n\t\t\tdata-player=\"large\"\n\t\t\tdata-showdesc=\"off\" >\n\t\t\t\t<div>\n\t\t\t\t\t\t\t\t\t\t<div class=\"yotu-wrapper-player\" style=\"width:400px\">\n\t\t\t\t\t\t\t\t\t\t\t\t<div class=\"yotu-player\">\n\t\t\t\t\t\t\t<div class=\"yotu-video-placeholder\" id=\"yotu-player-69f89bf3476a6\"><\/div>\n\t\t\t\t\t\t<\/div>\n\t\t\t\t\t\t<div class=\"yotu-playing-status\"><\/div>\n\t\t\t\t\t\t\t\t\t\t\t<\/div>\n\n\t\t\t\t\t<div class=\"yotu-videos yotu-mode-grid yotu-preset yotu-preset-gplus yotu-column-4 yotu-player-mode-large\">\n\t<ul>\n\t\t\t\t\t<li class=\" yotu-first yotu-last\">\n\t\t\t\t\t\t\t\t<a href=\"#W9LY_8x4SFw\" class=\"yotu-video\" data-videoid=\"W9LY_8x4SFw\" data-title=\"Sternschnuppengrab\" title=\"Sternschnuppengrab\">\n\t\t\t\t\t<div class=\"yotu-video-thumb-wrp\">\n\t\t\t\t\t\t<div>\n\t\t\t\t\t\t\t\t\t\t\t\t\t\t<img decoding=\"async\" class=\"yotu-video-thumb\" src=\"https:\/\/i.ytimg.com\/vi\/W9LY_8x4SFw\/sddefault.jpg\" alt=\"Sternschnuppengrab\">\t\n\t\t\t\t\t\t\t\t\t\t\t\t\t<\/div>\n\t\t\t\t\t<\/div>\n\t\t\t\t\t\t\t\t\t\t\t<h3 class=\"yotu-video-title\">Sternschnuppengrab<\/h3>\n\t\t\t\t\t\t\t\t\t\t\t\t\t\t\t\t\t\t\t<\/a>\n\t\t\t\t\t\t\t<\/li>\n\t\t\t\t\n\t\t\t\t<\/ul>\n<\/div><div class=\"yotu-pagination yotu-hide\">\n\t<a href=\"#\" class=\"yotu-pagination-more yotu-button-prs yotu-button-prs-3\" data-page=\"more\">Load more<\/a>\n<\/div>\n\t\t\t\t<\/div>\n\t\t\t<\/div>\n\t\t\t<\/code><\/p>\n<p>&nbsp;<\/p>\n<h2><em><strong>Die Nummern des ersten Roustik Albums:<a id=\"1\"><\/a><\/strong><\/em><\/h2>\n<p><strong>Pick&#8217;n Bliem<\/strong><\/p>\n<audio class=\"wp-audio-shortcode\" id=\"audio-83-1\" preload=\"none\" style=\"width: 100%;\" controls=\"controls\"><source type=\"audio\/mpeg\" src=\"https:\/\/www.stefanlotter.at\/wp-content\/uploads\/2019\/09\/01_Pickn-bliem.mp3?_=1\" \/><a href=\"https:\/\/www.stefanlotter.at\/wp-content\/uploads\/2019\/09\/01_Pickn-bliem.mp3\">https:\/\/www.stefanlotter.at\/wp-content\/uploads\/2019\/09\/01_Pickn-bliem.mp3<\/a><\/audio>\n<p>&nbsp;<\/p>\n<p><strong>Kummt wer aundara<\/strong><\/p>\n<audio class=\"wp-audio-shortcode\" id=\"audio-83-2\" preload=\"none\" style=\"width: 100%;\" controls=\"controls\"><source type=\"audio\/mpeg\" src=\"https:\/\/www.stefanlotter.at\/wp-content\/uploads\/2019\/09\/02_Kummt-wer-aundra.mp3?_=2\" \/><a href=\"https:\/\/www.stefanlotter.at\/wp-content\/uploads\/2019\/09\/02_Kummt-wer-aundra.mp3\">https:\/\/www.stefanlotter.at\/wp-content\/uploads\/2019\/09\/02_Kummt-wer-aundra.mp3<\/a><\/audio>\n<p>&nbsp;<\/p>\n<p><strong>W\u00fcst an Kaffee?<\/strong><\/p>\n<audio class=\"wp-audio-shortcode\" id=\"audio-83-3\" preload=\"none\" style=\"width: 100%;\" controls=\"controls\"><source type=\"audio\/mpeg\" src=\"https:\/\/www.stefanlotter.at\/wp-content\/uploads\/2019\/09\/03_Wuest-an-Kaffee.mp3?_=3\" \/><a href=\"https:\/\/www.stefanlotter.at\/wp-content\/uploads\/2019\/09\/03_Wuest-an-Kaffee.mp3\">https:\/\/www.stefanlotter.at\/wp-content\/uploads\/2019\/09\/03_Wuest-an-Kaffee.mp3<\/a><\/audio>\n<p>&nbsp;<\/p>\n<p><strong>Einsam und allein<\/strong><\/p>\n<audio class=\"wp-audio-shortcode\" id=\"audio-83-4\" preload=\"none\" style=\"width: 100%;\" controls=\"controls\"><source type=\"audio\/mpeg\" src=\"https:\/\/www.stefanlotter.at\/wp-content\/uploads\/2019\/09\/04_Einsam-und-allein.mp3?_=4\" \/><a href=\"https:\/\/www.stefanlotter.at\/wp-content\/uploads\/2019\/09\/04_Einsam-und-allein.mp3\">https:\/\/www.stefanlotter.at\/wp-content\/uploads\/2019\/09\/04_Einsam-und-allein.mp3<\/a><\/audio>\n<p>&nbsp;<\/p>\n<p><strong>Leiwaund<\/strong><\/p>\n<audio class=\"wp-audio-shortcode\" id=\"audio-83-5\" preload=\"none\" style=\"width: 100%;\" controls=\"controls\"><source type=\"audio\/mpeg\" src=\"https:\/\/www.stefanlotter.at\/wp-content\/uploads\/2019\/09\/05_Leiwaund.mp3?_=5\" \/><a href=\"https:\/\/www.stefanlotter.at\/wp-content\/uploads\/2019\/09\/05_Leiwaund.mp3\">https:\/\/www.stefanlotter.at\/wp-content\/uploads\/2019\/09\/05_Leiwaund.mp3<\/a><\/audio>\n<p>&nbsp;<\/p>\n<p><strong>Du kaunst mi amoi<\/strong><\/p>\n<audio class=\"wp-audio-shortcode\" id=\"audio-83-6\" preload=\"none\" style=\"width: 100%;\" controls=\"controls\"><source type=\"audio\/mpeg\" src=\"https:\/\/www.stefanlotter.at\/wp-content\/uploads\/2019\/09\/06_Du-kaunst-mi-amoi.mp3?_=6\" \/><a href=\"https:\/\/www.stefanlotter.at\/wp-content\/uploads\/2019\/09\/06_Du-kaunst-mi-amoi.mp3\">https:\/\/www.stefanlotter.at\/wp-content\/uploads\/2019\/09\/06_Du-kaunst-mi-amoi.mp3<\/a><\/audio>\n<p>&nbsp;<\/p>\n<p><strong>Donaumarina<\/strong><\/p>\n<audio class=\"wp-audio-shortcode\" id=\"audio-83-7\" preload=\"none\" style=\"width: 100%;\" controls=\"controls\"><source type=\"audio\/mpeg\" src=\"https:\/\/www.stefanlotter.at\/wp-content\/uploads\/2019\/09\/07_Donaumarina.mp3?_=7\" \/><a href=\"https:\/\/www.stefanlotter.at\/wp-content\/uploads\/2019\/09\/07_Donaumarina.mp3\">https:\/\/www.stefanlotter.at\/wp-content\/uploads\/2019\/09\/07_Donaumarina.mp3<\/a><\/audio>\n<p>&nbsp;<\/p>\n<p><strong>Facebook Essen<\/strong><\/p>\n<audio class=\"wp-audio-shortcode\" id=\"audio-83-8\" preload=\"none\" style=\"width: 100%;\" controls=\"controls\"><source type=\"audio\/mpeg\" src=\"https:\/\/www.stefanlotter.at\/wp-content\/uploads\/2019\/09\/08_Facebook-Essen.mp3?_=8\" \/><a href=\"https:\/\/www.stefanlotter.at\/wp-content\/uploads\/2019\/09\/08_Facebook-Essen.mp3\">https:\/\/www.stefanlotter.at\/wp-content\/uploads\/2019\/09\/08_Facebook-Essen.mp3<\/a><\/audio>\n<p>&nbsp;<\/p>\n<p><strong>Stephanie<\/strong><\/p>\n<audio class=\"wp-audio-shortcode\" id=\"audio-83-9\" preload=\"none\" style=\"width: 100%;\" controls=\"controls\"><source type=\"audio\/mpeg\" src=\"https:\/\/www.stefanlotter.at\/wp-content\/uploads\/2019\/09\/09_Stephanie.mp3?_=9\" \/><a href=\"https:\/\/www.stefanlotter.at\/wp-content\/uploads\/2019\/09\/09_Stephanie.mp3\">https:\/\/www.stefanlotter.at\/wp-content\/uploads\/2019\/09\/09_Stephanie.mp3<\/a><\/audio>\n<p>&nbsp;<\/p>\n<p><strong>Wos du sogst<\/strong><\/p>\n<audio class=\"wp-audio-shortcode\" id=\"audio-83-10\" preload=\"none\" style=\"width: 100%;\" controls=\"controls\"><source type=\"audio\/mpeg\" src=\"https:\/\/www.stefanlotter.at\/wp-content\/uploads\/2019\/09\/10_Wos-du-sogst.mp3?_=10\" \/><a href=\"https:\/\/www.stefanlotter.at\/wp-content\/uploads\/2019\/09\/10_Wos-du-sogst.mp3\">https:\/\/www.stefanlotter.at\/wp-content\/uploads\/2019\/09\/10_Wos-du-sogst.mp3<\/a><\/audio>\n<h2><\/h2>\n<p>&nbsp;<\/p>\n<p>&nbsp;<\/p>\n<h2><strong>&#171;Leiwand&#187; vom Live-Mitschnitt eines Konzerts in Neuberg an der M\u00fcrz<a id=\"2\"><\/a><\/strong><\/h2>\n<audio class=\"wp-audio-shortcode\" id=\"audio-83-11\" preload=\"none\" style=\"width: 100%;\" controls=\"controls\"><source type=\"audio\/mpeg\" src=\"https:\/\/www.stefanlotter.at\/wp-content\/uploads\/2019\/09\/05_Leiwand.mp3?_=11\" \/><a href=\"https:\/\/www.stefanlotter.at\/wp-content\/uploads\/2019\/09\/05_Leiwand.mp3\">https:\/\/www.stefanlotter.at\/wp-content\/uploads\/2019\/09\/05_Leiwand.mp3<\/a><\/audio>\n","protected":false},"excerpt":{"rendered":"<p>Seit meinem 10. Lebensjahr schreibe ich selbst Lieder. Die ersten b\u00fchnentechnischen Gehversuche noch im Bekannten- und Freundeskreis, habe ich bald in M\u00fcrzzuschlag zu allen m\u00f6glichen und unm\u00f6glichen Gelegenheiten gespielt. Nach mehreren Gruppierungen, in denen wir Cover-Nummern gespielt haben, hat sich im Jahr 2015 die Gruppe Roustik formiert, mit der ich im Jahr 2016 das erste [&hellip;]<\/p>\n","protected":false},"author":1,"featured_media":0,"parent":14,"menu_order":0,"comment_status":"closed","ping_status":"closed","template":"","meta":{"_exactmetrics_skip_tracking":false,"_exactmetrics_sitenote_active":false,"_exactmetrics_sitenote_note":"","_exactmetrics_sitenote_category":0,"footnotes":""},"class_list":["post-83","page","type-page","status-publish","hentry"],"aioseo_notices":[],"jetpack_sharing_enabled":true,"_links":{"self":[{"href":"https:\/\/www.stefanlotter.at\/index.php\/wp-json\/wp\/v2\/pages\/83","targetHints":{"allow":["GET"]}}],"collection":[{"href":"https:\/\/www.stefanlotter.at\/index.php\/wp-json\/wp\/v2\/pages"}],"about":[{"href":"https:\/\/www.stefanlotter.at\/index.php\/wp-json\/wp\/v2\/types\/page"}],"author":[{"embeddable":true,"href":"https:\/\/www.stefanlotter.at\/index.php\/wp-json\/wp\/v2\/users\/1"}],"replies":[{"embeddable":true,"href":"https:\/\/www.stefanlotter.at\/index.php\/wp-json\/wp\/v2\/comments?post=83"}],"version-history":[{"count":13,"href":"https:\/\/www.stefanlotter.at\/index.php\/wp-json\/wp\/v2\/pages\/83\/revisions"}],"predecessor-version":[{"id":1798,"href":"https:\/\/www.stefanlotter.at\/index.php\/wp-json\/wp\/v2\/pages\/83\/revisions\/1798"}],"up":[{"embeddable":true,"href":"https:\/\/www.stefanlotter.at\/index.php\/wp-json\/wp\/v2\/pages\/14"}],"wp:attachment":[{"href":"https:\/\/www.stefanlotter.at\/index.php\/wp-json\/wp\/v2\/media?parent=83"}],"curies":[{"name":"wp","href":"https:\/\/api.w.org\/{rel}","templated":true}]}}