{"id":16,"date":"2019-09-15T16:19:49","date_gmt":"2019-09-15T16:19:49","guid":{"rendered":"https:\/\/www.stefanlotter.at\/?page_id=16"},"modified":"2021-06-18T18:54:05","modified_gmt":"2021-06-18T18:54:05","slug":"literatur","status":"publish","type":"page","link":"https:\/\/www.stefanlotter.at\/index.php\/literatur\/","title":{"rendered":"Literatur"},"content":{"rendered":"<p>Neben der Musik bin ich auch im Bereich Literatur t\u00e4tig. Die drei Haupt-Genres in denen ich schreibe sind <a href=\"https:\/\/www.stefanlotter.at\/index.php\/literatur\/poetry-slam\/\">PoetrySlam-Texte<\/a>, <a href=\"http:\/\/Kurzgeschichten\">Kurzgeschichten<\/a> und <a href=\"https:\/\/www.stefanlotter.at\/index.php\/literatur\/bucher\/\">Romane<\/a>. Auf dieser Seite gibt es zu jedem Genre eine eigene Unterseite. Dort erkl\u00e4re ich kurz, was dieses Genre f\u00fcr mich bedeutet und warum ich darin Texte schreibe. Zus\u00e4tzlich gibt es auch Ausz\u00fcge und ganze Texte zum Lesen. Im Bereich <strong>PoetrySlam-Texte <\/strong>gibt es auch Videos.<\/p>\n","protected":false},"excerpt":{"rendered":"<p>Neben der Musik bin ich auch im Bereich Literatur t\u00e4tig. Die drei Haupt-Genres in denen ich schreibe sind PoetrySlam-Texte, Kurzgeschichten und Romane. Auf dieser Seite gibt es zu jedem Genre eine eigene Unterseite. Dort erkl\u00e4re ich kurz, was dieses Genre f\u00fcr mich bedeutet und warum ich darin Texte schreibe. Zus\u00e4tzlich gibt es auch Ausz\u00fcge und [&hellip;]<\/p>\n","protected":false},"author":1,"featured_media":0,"parent":0,"menu_order":0,"comment_status":"closed","ping_status":"closed","template":"","meta":{"_exactmetrics_skip_tracking":false,"_exactmetrics_sitenote_active":false,"_exactmetrics_sitenote_note":"","_exactmetrics_sitenote_category":0,"footnotes":""},"class_list":["post-16","page","type-page","status-publish","hentry"],"aioseo_notices":[],"jetpack_sharing_enabled":true,"_links":{"self":[{"href":"https:\/\/www.stefanlotter.at\/index.php\/wp-json\/wp\/v2\/pages\/16","targetHints":{"allow":["GET"]}}],"collection":[{"href":"https:\/\/www.stefanlotter.at\/index.php\/wp-json\/wp\/v2\/pages"}],"about":[{"href":"https:\/\/www.stefanlotter.at\/index.php\/wp-json\/wp\/v2\/types\/page"}],"author":[{"embeddable":true,"href":"https:\/\/www.stefanlotter.at\/index.php\/wp-json\/wp\/v2\/users\/1"}],"replies":[{"embeddable":true,"href":"https:\/\/www.stefanlotter.at\/index.php\/wp-json\/wp\/v2\/comments?post=16"}],"version-history":[{"count":8,"href":"https:\/\/www.stefanlotter.at\/index.php\/wp-json\/wp\/v2\/pages\/16\/revisions"}],"predecessor-version":[{"id":31,"href":"https:\/\/www.stefanlotter.at\/index.php\/wp-json\/wp\/v2\/pages\/16\/revisions\/31"}],"wp:attachment":[{"href":"https:\/\/www.stefanlotter.at\/index.php\/wp-json\/wp\/v2\/media?parent=16"}],"curies":[{"name":"wp","href":"https:\/\/api.w.org\/{rel}","templated":true}]}}